{"id":386,"date":"2024-04-16T21:33:08","date_gmt":"2024-04-16T19:33:08","guid":{"rendered":"https:\/\/tsv-fredelsloh.de\/?page_id=386"},"modified":"2024-04-16T21:33:08","modified_gmt":"2024-04-16T19:33:08","slug":"beitrittserklaerung-2","status":"publish","type":"page","link":"https:\/\/tsv-fredelsloh.de\/?page_id=386","title":{"rendered":"Beitrittserkl\u00e4rung"},"content":{"rendered":"\n<p>Du m\u00f6chtest Mitglied werden? Dann lade die Beitrittserkl\u00e4rung herunter, druck sie aus und lass sie ausgef\u00fcllt und unterschrieben unserer Kassenwartin <a href=\"mailto:bettina.sievert@t-online.de\">Bettina Sievert<\/a> zukommen, oder gib sie bei deinem \u00dcbungs- oder Spartenleiter ab.<br>Bei Fragen zur Mitgliedschaft, Beitr\u00e4gen, Austritt o. \u00e4. wende dich bitte direkt an unsere Kassenwartin Bettina Sievert.<\/p>\n\n\n\n<div class=\"wp-block-buttons is-layout-flex wp-block-buttons-is-layout-flex\">\n<div class=\"wp-block-button\"><a class=\"wp-block-button__link wp-element-button\" href=\"https:\/\/tsv-fredelsloh.de\/wp-content\/uploads\/2024\/04\/TSV-Aufnahmen-neu-ab-07.2024.pdf\">Hier herunterladen<\/a><\/div>\n<\/div>\n\n\n<a href=\"https:\/\/tsv-fredelsloh.de\/wp-content\/uploads\/2024\/04\/TSV-Aufnahmen-neu-ab-07.2024.pdf\" class=\"pdfemb-viewer\" style=\"\" data-width=\"max\" data-height=\"max\" data-toolbar=\"bottom\" data-toolbar-fixed=\"off\">TSV-Aufnahmen-neu-ab-07.2024<\/a>\n<p class=\"wp-block-pdfemb-pdf-embedder-viewer\"><\/p>\n","protected":false},"excerpt":{"rendered":"<p>Du m\u00f6chtest Mitglied werden? Dann lade die Beitrittserkl\u00e4rung herunter, druck sie aus und lass sie ausgef\u00fcllt und unterschrieben unserer Kassenwartin Bettina Sievert zukommen, oder gib sie bei deinem \u00dcbungs- oder&#8230;<\/p>\n","protected":false},"author":2,"featured_media":0,"parent":0,"menu_order":0,"comment_status":"closed","ping_status":"closed","template":"","meta":{"footnotes":""},"_links":{"self":[{"href":"https:\/\/tsv-fredelsloh.de\/index.php?rest_route=\/wp\/v2\/pages\/386"}],"collection":[{"href":"https:\/\/tsv-fredelsloh.de\/index.php?rest_route=\/wp\/v2\/pages"}],"about":[{"href":"https:\/\/tsv-fredelsloh.de\/index.php?rest_route=\/wp\/v2\/types\/page"}],"author":[{"embeddable":true,"href":"https:\/\/tsv-fredelsloh.de\/index.php?rest_route=\/wp\/v2\/users\/2"}],"replies":[{"embeddable":true,"href":"https:\/\/tsv-fredelsloh.de\/index.php?rest_route=%2Fwp%2Fv2%2Fcomments&post=386"}],"version-history":[{"count":2,"href":"https:\/\/tsv-fredelsloh.de\/index.php?rest_route=\/wp\/v2\/pages\/386\/revisions"}],"predecessor-version":[{"id":391,"href":"https:\/\/tsv-fredelsloh.de\/index.php?rest_route=\/wp\/v2\/pages\/386\/revisions\/391"}],"wp:attachment":[{"href":"https:\/\/tsv-fredelsloh.de\/index.php?rest_route=%2Fwp%2Fv2%2Fmedia&parent=386"}],"curies":[{"name":"wp","href":"https:\/\/api.w.org\/{rel}","templated":true}]}}